{"id":26,"date":"2016-02-16T13:34:25","date_gmt":"2016-02-16T12:34:25","guid":{"rendered":"http:\/\/foevkts.0link.net\/wordpress\/?page_id=26"},"modified":"2016-02-16T14:55:11","modified_gmt":"2016-02-16T13:55:11","slug":"unsere-zielsetzung","status":"publish","type":"page","link":"https:\/\/foevkts.ralsu.de\/wordpress\/index.php\/unsere-zielsetzung\/","title":{"rendered":"Zielsetzung"},"content":{"rendered":"<p>Kinder sind das Wichtigste in unserer Gesellschaft und ihre Entwicklung muss in einem Umfeld stattfinden, in dem sie sich wo<span class=\"text_exposed_show\">hlf\u00fchlen und sie sich unbeschwert entfalten k\u00f6nnen. So gewinnen sie Vertrauen, wird ihr Interesse geweckt und der Grundstein f\u00fcr ein erfolgreiches lebenslanges Lernen ist gelegt.<\/span><\/p>\n<p><span class=\"text_exposed_show\">Die Stadt Uslar und die ev.-luth. St. Vitus-Kirchengemeinde am Solling haben mit der Kindertagesst\u00e4tte Schoningen ihren Beitrag geleistet und eine Einrichtung materiell und personell ausgestattet, in der dies ohne Zweifel m\u00f6glich ist &#8211; Aber kennen Sie das nicht auch? <\/span><\/p>\n<h4><span class=\"text_exposed_show\">Es gibt immer etwas, was man noch besser machen k\u00f6nnte.<\/span><\/h4>\n<p><span class=\"text_exposed_show\">Hier geraten Stadt und Tr\u00e4ger allerdings an ihre Grenzen, denn die finanzielle Ausstattung der Einrichtungen im Stadtgebiet ist so ausgelegt, dass die gesetzlichen Vorgaben erf\u00fcllt werden k\u00f6nnen. Alles was dar\u00fcber hinausgeht, muss auf anderem Wege finanziert werden.<\/span><\/p>\n<p><span class=\"text_exposed_show\">Auch unsere Einrichtung m\u00f6chte den Kindern gerne mehr als den Standard bieten, um ihre Entwicklung st\u00e4rker zu f\u00f6rdern, sei es durch spezielle Materialien, Spielger\u00e4te oder Projektarbeiten mit den Kindern.<\/span><\/p>\n<p><span class=\"text_exposed_show\">Bisher ist dies durch vereinzelte Kollekten in den Gottesdiensten und zielgerichtete Spenden leider nur sehr begrenzt m\u00f6glich. <\/span><\/p>\n<p><span class=\"text_exposed_show\">Wir als F\u00f6rderverein m\u00f6chten finanzielle Mittel f\u00fcr die Bildung, Erziehung und Entwicklung der Kinder sammeln und sie zielgerichtet in der Einrichtung verwenden.<\/span><\/p>\n<p>Unsere Zielsetzung finden Sie auch in unserer Satzung:<\/p>\n<p><a href=\"http:\/\/foevkts.0link.net\/wordpress\/wp-content\/uploads\/2016\/02\/Satzung.pdf\" rel=\"\">aktuelle Satzung (Gr\u00fcndungsfassung)<\/a><\/p>\n","protected":false},"excerpt":{"rendered":"<p>Kinder sind das Wichtigste in unserer Gesellschaft und ihre Entwicklung muss in einem Umfeld stattfinden, in dem sie sich wohlf\u00fchlen und sie sich unbeschwert entfalten k\u00f6nnen. So gewinnen sie Vertrauen, wird ihr Interesse geweckt und der Grundstein f\u00fcr ein erfolgreiches lebenslanges Lernen ist gelegt. Die Stadt Uslar und die ev.-luth. St. Vitus-Kirchengemeinde am Solling haben [&hellip;]<\/p>\n","protected":false},"author":1,"featured_media":0,"parent":0,"menu_order":0,"comment_status":"closed","ping_status":"closed","template":"","meta":[],"_links":{"self":[{"href":"https:\/\/foevkts.ralsu.de\/wordpress\/index.php\/wp-json\/wp\/v2\/pages\/26"}],"collection":[{"href":"https:\/\/foevkts.ralsu.de\/wordpress\/index.php\/wp-json\/wp\/v2\/pages"}],"about":[{"href":"https:\/\/foevkts.ralsu.de\/wordpress\/index.php\/wp-json\/wp\/v2\/types\/page"}],"author":[{"embeddable":true,"href":"https:\/\/foevkts.ralsu.de\/wordpress\/index.php\/wp-json\/wp\/v2\/users\/1"}],"replies":[{"embeddable":true,"href":"https:\/\/foevkts.ralsu.de\/wordpress\/index.php\/wp-json\/wp\/v2\/comments?post=26"}],"version-history":[{"count":3,"href":"https:\/\/foevkts.ralsu.de\/wordpress\/index.php\/wp-json\/wp\/v2\/pages\/26\/revisions"}],"predecessor-version":[{"id":53,"href":"https:\/\/foevkts.ralsu.de\/wordpress\/index.php\/wp-json\/wp\/v2\/pages\/26\/revisions\/53"}],"wp:attachment":[{"href":"https:\/\/foevkts.ralsu.de\/wordpress\/index.php\/wp-json\/wp\/v2\/media?parent=26"}],"curies":[{"name":"wp","href":"https:\/\/api.w.org\/{rel}","templated":true}]}}

<p>Kinder sind das Wichtigste in unserer Gesellschaft und ihre Entwicklung muss in einem Umfeld stattfinden, in dem sie sich wo<span class="text_exposed_show">hlfühlen und sie sich unbeschwert entfalten können. So gewinnen sie Vertrauen, wird ihr Interesse geweckt und der Grundstein für ein erfolgreiches lebenslanges Lernen ist gelegt.</span></p>
<p><span class="text_exposed_show">Die Stadt Uslar und die ev.-luth. St. Vitus-Kirchengemeinde am Solling haben mit der Kindertagesstätte Schoningen ihren Beitrag geleistet und eine Einrichtung materiell und personell ausgestattet, in der dies ohne Zweifel möglich ist &#8211; Aber kennen Sie das nicht auch? </span></p>
<h4><span class="text_exposed_show">Es gibt immer etwas, was man noch besser machen könnte.</span></h4>
<p><span class="text_exposed_show">Hier geraten Stadt und Träger allerdings an ihre Grenzen, denn die finanzielle Ausstattung der Einrichtungen im Stadtgebiet ist so ausgelegt, dass die gesetzlichen Vorgaben erfüllt werden können. Alles was darüber hinausgeht, muss auf anderem Wege finanziert werden.</span></p>
<p><span class="text_exposed_show">Auch unsere Einrichtung möchte den Kindern gerne mehr als den Standard bieten, um ihre Entwicklung stärker zu fördern, sei es durch spezielle Materialien, Spielgeräte oder Projektarbeiten mit den Kindern.</span></p>
<p><span class="text_exposed_show">Bisher ist dies durch vereinzelte Kollekten in den Gottesdiensten und zielgerichtete Spenden leider nur sehr begrenzt möglich. </span></p>
<p><span class="text_exposed_show">Wir als Förderverein möchten finanzielle Mittel für die Bildung, Erziehung und Entwicklung der Kinder sammeln und sie zielgerichtet in der Einrichtung verwenden.</span></p>
<p>Unsere Zielsetzung finden Sie auch in unserer Satzung:</p>
<p><a href="http://foevkts.0link.net/wordpress/wp-content/uploads/2016/02/Satzung.pdf" rel="">aktuelle Satzung (Gründungsfassung)</a></p>

<p>Kinder sind das Wichtigste in unserer Gesellschaft und ihre Entwicklung muss in einem Umfeld stattfinden, in dem sie sich wohlfühlen und sie sich unbeschwert entfalten können. So gewinnen sie Vertrauen, wird ihr Interesse geweckt und der Grundstein für ein erfolgreiches lebenslanges Lernen ist gelegt. Die Stadt Uslar und die ev.-luth. St. Vitus-Kirchengemeinde am Solling haben [&hellip;]</p>
