{"id":4,"date":"2016-02-16T13:01:22","date_gmt":"2016-02-16T12:01:22","guid":{"rendered":"http:\/\/foevkts.0link.net\/wordpress\/?page_id=4"},"modified":"2023-04-29T15:18:44","modified_gmt":"2023-04-29T13:18:44","slug":"impressum","status":"publish","type":"page","link":"https:\/\/foevkts.ralsu.de\/wordpress\/index.php\/impressum\/","title":{"rendered":"Impressum"},"content":{"rendered":"<p>Verantwortlich f\u00fcr die Inhalte im Sinne des \u00a75 TMG und \u00a755 RStV ist<\/p>\n<p><strong>F\u00f6rderverein Kindertagesst\u00e4tte Schoningen e.V.<\/strong><br \/>\nLandstra\u00dfe 26<br \/>\n37170 Uslar-Schoningen<br \/>\n<a href=\"mailto:foevkts@ralsu.de\" target=\"_blank\" rel=\"noopener noreferrer\">foevkts@ralsu.de<\/a><br \/>\ngemeinschaftlich vertreten durch den\/die 1. Vorsitzende und den\/die 2. Vorsitzende.<\/p>\n<p><strong>Vorstand<\/strong><\/p>\n<p>Christoph Stehncken (1. Vorsitzender)<br \/>\nSandra Ortmann (2. Vorsitzende)<\/p>\n<p><strong>Vereinsregister<\/strong><\/p>\n<p>VR 201739\u00a0Amtsgericht G\u00f6ttingen<\/p>\n<p><strong>Steuernummer<\/strong><\/p>\n<p>35\/270\/05805 Finanzamt Northeim &#8211; Gemeinn\u00fctzigkeit mit Bescheid vom 15.07.2022 anerkannt<\/p>\n<p><strong>Bankverbindung<\/strong><\/p>\n<p>Kreissparkasse Northeim<br \/>\n<span style=\"text-decoration: underline;\">IBAN:<\/span> DE82 2625 0001 0172 1473 24<br \/>\n<span style=\"text-decoration: underline;\">BIC:<\/span> NOLADE21NOM<\/p>\n<p><strong>SEPA-Gl\u00e4ubiger-ID<\/strong><\/p>\n<p>DE54ZZZ00001645669<\/p>\n","protected":false},"excerpt":{"rendered":"<p>Verantwortlich f\u00fcr die Inhalte im Sinne des \u00a75 TMG und \u00a755 RStV ist F\u00f6rderverein Kindertagesst\u00e4tte Schoningen e.V. Landstra\u00dfe 26 37170 Uslar-Schoningen foevkts@ralsu.de gemeinschaftlich vertreten durch den\/die 1. Vorsitzende und den\/die 2. Vorsitzende. Vorstand Christoph Stehncken (1. Vorsitzender) Sandra Ortmann (2. Vorsitzende) Vereinsregister VR 201739\u00a0Amtsgericht G\u00f6ttingen Steuernummer 35\/270\/05805 Finanzamt Northeim &#8211; Gemeinn\u00fctzigkeit mit Bescheid vom 15.07.2022 [&hellip;]<\/p>\n","protected":false},"author":1,"featured_media":0,"parent":0,"menu_order":0,"comment_status":"closed","ping_status":"closed","template":"","meta":[],"_links":{"self":[{"href":"https:\/\/foevkts.ralsu.de\/wordpress\/index.php\/wp-json\/wp\/v2\/pages\/4"}],"collection":[{"href":"https:\/\/foevkts.ralsu.de\/wordpress\/index.php\/wp-json\/wp\/v2\/pages"}],"about":[{"href":"https:\/\/foevkts.ralsu.de\/wordpress\/index.php\/wp-json\/wp\/v2\/types\/page"}],"author":[{"embeddable":true,"href":"https:\/\/foevkts.ralsu.de\/wordpress\/index.php\/wp-json\/wp\/v2\/users\/1"}],"replies":[{"embeddable":true,"href":"https:\/\/foevkts.ralsu.de\/wordpress\/index.php\/wp-json\/wp\/v2\/comments?post=4"}],"version-history":[{"count":9,"href":"https:\/\/foevkts.ralsu.de\/wordpress\/index.php\/wp-json\/wp\/v2\/pages\/4\/revisions"}],"predecessor-version":[{"id":353,"href":"https:\/\/foevkts.ralsu.de\/wordpress\/index.php\/wp-json\/wp\/v2\/pages\/4\/revisions\/353"}],"wp:attachment":[{"href":"https:\/\/foevkts.ralsu.de\/wordpress\/index.php\/wp-json\/wp\/v2\/media?parent=4"}],"curies":[{"name":"wp","href":"https:\/\/api.w.org\/{rel}","templated":true}]}}

<p>Verantwortlich für die Inhalte im Sinne des §5 TMG und §55 RStV ist</p>
<p><strong>Förderverein Kindertagesstätte Schoningen e.V.</strong><br />
Landstraße 26<br />
37170 Uslar-Schoningen<br />
<a href="mailto:foevkts@ralsu.de" target="_blank" rel="noopener noreferrer">foevkts@ralsu.de</a><br />
gemeinschaftlich vertreten durch den/die 1. Vorsitzende und den/die 2. Vorsitzende.</p>
<p><strong>Vorstand</strong></p>
<p>Christoph Stehncken (1. Vorsitzender)<br />
Sandra Ortmann (2. Vorsitzende)</p>
<p><strong>Vereinsregister</strong></p>
<p>VR 201739 Amtsgericht Göttingen</p>
<p><strong>Steuernummer</strong></p>
<p>35/270/05805 Finanzamt Northeim &#8211; Gemeinnützigkeit mit Bescheid vom 15.07.2022 anerkannt</p>
<p><strong>Bankverbindung</strong></p>
<p>Kreissparkasse Northeim<br />
<span style="text-decoration: underline;">IBAN:</span> DE82 2625 0001 0172 1473 24<br />
<span style="text-decoration: underline;">BIC:</span> NOLADE21NOM</p>
<p><strong>SEPA-Gläubiger-ID</strong></p>
<p>DE54ZZZ00001645669</p>

<p>Verantwortlich für die Inhalte im Sinne des §5 TMG und §55 RStV ist Förderverein Kindertagesstätte Schoningen e.V. Landstraße 26 37170 Uslar-Schoningen foevkts@ralsu.de gemeinschaftlich vertreten durch den/die 1. Vorsitzende und den/die 2. Vorsitzende. Vorstand Christoph Stehncken (1. Vorsitzender) Sandra Ortmann (2. Vorsitzende) Vereinsregister VR 201739 Amtsgericht Göttingen Steuernummer 35/270/05805 Finanzamt Northeim &#8211; Gemeinnützigkeit mit Bescheid vom 15.07.2022 [&hellip;]</p>
