{"id":65,"date":"2016-02-16T15:40:42","date_gmt":"2016-02-16T14:40:42","guid":{"rendered":"http:\/\/foevkts.0link.net\/wordpress\/?page_id=65"},"modified":"2019-05-09T12:35:35","modified_gmt":"2019-05-09T10:35:35","slug":"ev-kindertagesstaette-schoningen","status":"publish","type":"page","link":"https:\/\/foevkts.ralsu.de\/wordpress\/index.php\/ev-kindertagesstaette-schoningen\/","title":{"rendered":"ev. Kindertagesst\u00e4tte Schoningen"},"content":{"rendered":"<p>Unser Verein unterst\u00fctzt direkt die<strong> ev. Kindertagesst\u00e4tte Schoningen<\/strong>. Die Einrichtung wird von der <strong>ev.-luth. St. Vitus Kirchengemeinde am Solling<\/strong> getragen und z\u00e4hlt\u00a0zu den Kindertagesst\u00e4tten in der Stadt Uslar.<\/p>\n<p>In<strong> zwei Kindergartengruppen<\/strong> (3 bis 6 Jahre) und <strong>einer Krippengruppe<\/strong> (bis 3 Jahre) werden derzeit bis zu 65 Kinder betreut. Die Tagesst\u00e4tte ist prim\u00e4r f\u00fcr Kinder aus dem Einzugsgebiet &#8220;S\u00fcd&#8221; (Ahlbershausen, F\u00fcrstenhagen, Offensen, Schoningen, Verliehausen und Wiensen) der Stadt Uslar zust\u00e4ndig.\u00a0\u00dcber\u00a0die zentrale Anmeldung der Kindergartenpl\u00e4tze der\u00a0Stadt Uslar werden in begr\u00fcndeten F\u00e4llen auch Kinder au\u00dferhalb des Einzugsgebietes angenommen.<\/p>\n<p>Wir pflegen einen engen Kontakt zur Einrichtung und dem Elternbeirat und helfen schnell und unkompliziert, wenn unsere Hilfe gebraucht wird.<\/p>\n<p>Informationen zur Einrichtung finden Sie auch auf der\u00a0<a href=\"http:\/\/www.ev-kamsolling.de\/verzeichnis\/visitenkarte.php?mandat=140318\" target=\"_blank\">Seite der Kirchengemeinde<\/a> oder auf den <a href=\"http:\/\/www.uslar.de\/staticsite\/staticsite.php?menuid=247&amp;topmenu=246\" target=\"_blank\">Seiten der Stadt Uslar<\/a>.<\/p>\n<p><img loading=\"lazy\" class=\"aligncenter size-large wp-image-274\" src=\"https:\/\/foevkts.ralsu.de\/wordpress\/wp-content\/uploads\/2016\/02\/IMG-20190107-WA0005-436x1024.jpg\" alt=\"IMG-20190107-WA0005\" width=\"436\" height=\"1024\" srcset=\"https:\/\/foevkts.ralsu.de\/wordpress\/wp-content\/uploads\/2016\/02\/IMG-20190107-WA0005-436x1024.jpg 436w, https:\/\/foevkts.ralsu.de\/wordpress\/wp-content\/uploads\/2016\/02\/IMG-20190107-WA0005-128x300.jpg 128w, https:\/\/foevkts.ralsu.de\/wordpress\/wp-content\/uploads\/2016\/02\/IMG-20190107-WA0005.jpg 682w\" sizes=\"(max-width: 436px) 100vw, 436px\" \/><\/p>\n","protected":false},"excerpt":{"rendered":"<p>Unser Verein unterst\u00fctzt direkt die ev. Kindertagesst\u00e4tte Schoningen. Die Einrichtung wird von der ev.-luth. St. Vitus Kirchengemeinde am Solling getragen und z\u00e4hlt\u00a0zu den Kindertagesst\u00e4tten in der Stadt Uslar. In zwei Kindergartengruppen (3 bis 6 Jahre) und einer Krippengruppe (bis 3 Jahre) werden derzeit bis zu 65 Kinder betreut. Die Tagesst\u00e4tte ist prim\u00e4r f\u00fcr Kinder aus [&hellip;]<\/p>\n","protected":false},"author":1,"featured_media":0,"parent":0,"menu_order":0,"comment_status":"closed","ping_status":"closed","template":"","meta":[],"_links":{"self":[{"href":"https:\/\/foevkts.ralsu.de\/wordpress\/index.php\/wp-json\/wp\/v2\/pages\/65"}],"collection":[{"href":"https:\/\/foevkts.ralsu.de\/wordpress\/index.php\/wp-json\/wp\/v2\/pages"}],"about":[{"href":"https:\/\/foevkts.ralsu.de\/wordpress\/index.php\/wp-json\/wp\/v2\/types\/page"}],"author":[{"embeddable":true,"href":"https:\/\/foevkts.ralsu.de\/wordpress\/index.php\/wp-json\/wp\/v2\/users\/1"}],"replies":[{"embeddable":true,"href":"https:\/\/foevkts.ralsu.de\/wordpress\/index.php\/wp-json\/wp\/v2\/comments?post=65"}],"version-history":[{"count":2,"href":"https:\/\/foevkts.ralsu.de\/wordpress\/index.php\/wp-json\/wp\/v2\/pages\/65\/revisions"}],"predecessor-version":[{"id":275,"href":"https:\/\/foevkts.ralsu.de\/wordpress\/index.php\/wp-json\/wp\/v2\/pages\/65\/revisions\/275"}],"wp:attachment":[{"href":"https:\/\/foevkts.ralsu.de\/wordpress\/index.php\/wp-json\/wp\/v2\/media?parent=65"}],"curies":[{"name":"wp","href":"https:\/\/api.w.org\/{rel}","templated":true}]}}

ev. Kindertagesstätte Schoningen

<p>Unser Verein unterstützt direkt die<strong> ev. Kindertagesstätte Schoningen</strong>. Die Einrichtung wird von der <strong>ev.-luth. St. Vitus Kirchengemeinde am Solling</strong> getragen und zählt zu den Kindertagesstätten in der Stadt Uslar.</p>
<p>In<strong> zwei Kindergartengruppen</strong> (3 bis 6 Jahre) und <strong>einer Krippengruppe</strong> (bis 3 Jahre) werden derzeit bis zu 65 Kinder betreut. Die Tagesstätte ist primär für Kinder aus dem Einzugsgebiet &#8220;Süd&#8221; (Ahlbershausen, Fürstenhagen, Offensen, Schoningen, Verliehausen und Wiensen) der Stadt Uslar zuständig. Über die zentrale Anmeldung der Kindergartenplätze der Stadt Uslar werden in begründeten Fällen auch Kinder außerhalb des Einzugsgebietes angenommen.</p>
<p>Wir pflegen einen engen Kontakt zur Einrichtung und dem Elternbeirat und helfen schnell und unkompliziert, wenn unsere Hilfe gebraucht wird.</p>
<p>Informationen zur Einrichtung finden Sie auch auf der <a href="http://www.ev-kamsolling.de/verzeichnis/visitenkarte.php?mandat=140318" target="_blank">Seite der Kirchengemeinde</a> oder auf den <a href="http://www.uslar.de/staticsite/staticsite.php?menuid=247&amp;topmenu=246" target="_blank">Seiten der Stadt Uslar</a>.</p>
<p><img loading="lazy" class="aligncenter size-large wp-image-274" src="https://foevkts.ralsu.de/wordpress/wp-content/uploads/2016/02/IMG-20190107-WA0005-436x1024.jpg" alt="IMG-20190107-WA0005" width="436" height="1024" srcset="https://foevkts.ralsu.de/wordpress/wp-content/uploads/2016/02/IMG-20190107-WA0005-436x1024.jpg 436w, https://foevkts.ralsu.de/wordpress/wp-content/uploads/2016/02/IMG-20190107-WA0005-128x300.jpg 128w, https://foevkts.ralsu.de/wordpress/wp-content/uploads/2016/02/IMG-20190107-WA0005.jpg 682w" sizes="(max-width: 436px) 100vw, 436px" /></p>

<p>Unser Verein unterstützt direkt die ev. Kindertagesstätte Schoningen. Die Einrichtung wird von der ev.-luth. St. Vitus Kirchengemeinde am Solling getragen und zählt zu den Kindertagesstätten in der Stadt Uslar. In zwei Kindergartengruppen (3 bis 6 Jahre) und einer Krippengruppe (bis 3 Jahre) werden derzeit bis zu 65 Kinder betreut. Die Tagesstätte ist primär für Kinder aus [&hellip;]</p>
